{"id":1441,"date":"2022-11-24T07:40:20","date_gmt":"2022-11-24T06:40:20","guid":{"rendered":"https:\/\/www.kinderbetreuung-natters.at\/kinderkrippe\/?page_id=1441"},"modified":"2024-06-24T15:30:28","modified_gmt":"2024-06-24T13:30:28","slug":"alterserweiterte-nachmittagsbetreuung","status":"publish","type":"page","link":"https:\/\/www.kinderbetreuung-natters.at\/kinderkrippe\/basisinfo\/alterserweiterte-nachmittagsbetreuung\/","title":{"rendered":"Alterserweiterte Nachmittagsbetreuung"},"content":{"rendered":"\n<p>Die Kinderkrippe und der Kindergarten Natters bieten eine alterserweiternde Nachmittagsbetreuung<span style=\"color:#313131\" class=\"tadv-color\"> \u201eKi+Kri\u201c <\/span>von 14.00 bis 16.00 Uhr an. <br>Diese findet derzeit in den R\u00e4umlichkeiten des Kindergartens statt.<\/p>\n\n\n\n<p>Die Bezeichnung <span style=\"color:#0693e3\" class=\"tadv-color\">&#8222;Ki+Kri&#8220;<\/span> steht f\u00fcr <span style=\"color:#0693e3\" class=\"tadv-color\">Ki<\/span>ndergarten und <span style=\"color:#0693e3\" class=\"tadv-color\">Kri<\/span>ppe.<\/p>\n\n\n\n<p><strong><span style=\"color:#313131\" class=\"tadv-color\">Voraussetzung f\u00fcr die Teilnahme an der Nachmittagsbetreuung:<\/span><\/strong><\/p>\n\n\n\n<ul>\n<li>die Erziehungsberechtigten k\u00f6nnen ihr Kind <strong>nachweislich<\/strong> nicht vor 14.00 Uhr abholen<\/li>\n\n\n\n<li>schriftliche Anmeldung durch den Erziehungsberechtigten<\/li>\n\n\n\n<li>Arbeitsbest\u00e4tigungen der Erziehungsberechtigten mit Angabe der Dienstzeiten seitens des Arbeitgebers<\/li>\n<\/ul>\n\n\n\n<p>Voraussetzung f\u00fcr die \u00d6ffnung der alterserweiterten Nachmittagsbetreuung ist eine Anmeldezahl von mindestens drei Kinder pro Tag. <\/p>\n\n\n\n<p> <strong>F\u00fcr die Anmeldung bitte folgendes Formular ausf\u00fcllen:<\/strong> <\/p>\n\n\n\n<p><a href=\"https:\/\/www.kinderbetreuung-natters.at\/kinderkrippe\/wp-content\/uploads\/2022\/11\/Anmeldeformular-KK.pdf\" target=\"_blank\" rel=\"noreferrer noopener\" aria-label=\"Anmeldung_alterserweiterte_Nachmittagsbetreuung (opens in a new tab)\">Anmeldung_alterserweiterte_Nachmittagsbetreuung<\/a><\/p>\n","protected":false},"excerpt":{"rendered":"<p>Die Kinderkrippe und der Kindergarten Natters bieten eine alterserweiternde Nachmittagsbetreuung \u201eKi+Kri\u201c von 14.00 bis 16.00 Uhr an. Diese findet derzeit in den R\u00e4umlichkeiten des Kindergartens statt. Die Bezeichnung &#8222;Ki+Kri&#8220; steht f\u00fcr Kindergarten und Krippe. Voraussetzung f\u00fcr die Teilnahme an der Nachmittagsbetreuung: Voraussetzung f\u00fcr die \u00d6ffnung der alterserweiterten Nachmittagsbetreuung ist eine Anmeldezahl von mindestens drei Kinder &hellip; <a href=\"https:\/\/www.kinderbetreuung-natters.at\/kinderkrippe\/basisinfo\/alterserweiterte-nachmittagsbetreuung\/\" class=\"more-link\"><span class=\"screen-reader-text\">Alterserweiterte Nachmittagsbetreuung<\/span> weiterlesen<\/a><\/p>\n","protected":false},"author":4,"featured_media":0,"parent":11,"menu_order":0,"comment_status":"closed","ping_status":"closed","template":"page-templates\/full-width-page.php","meta":{"footnotes":""},"acf":[],"_links":{"self":[{"href":"https:\/\/www.kinderbetreuung-natters.at\/kinderkrippe\/wp-json\/wp\/v2\/pages\/1441"}],"collection":[{"href":"https:\/\/www.kinderbetreuung-natters.at\/kinderkrippe\/wp-json\/wp\/v2\/pages"}],"about":[{"href":"https:\/\/www.kinderbetreuung-natters.at\/kinderkrippe\/wp-json\/wp\/v2\/types\/page"}],"author":[{"embeddable":true,"href":"https:\/\/www.kinderbetreuung-natters.at\/kinderkrippe\/wp-json\/wp\/v2\/users\/4"}],"replies":[{"embeddable":true,"href":"https:\/\/www.kinderbetreuung-natters.at\/kinderkrippe\/wp-json\/wp\/v2\/comments?post=1441"}],"version-history":[{"count":10,"href":"https:\/\/www.kinderbetreuung-natters.at\/kinderkrippe\/wp-json\/wp\/v2\/pages\/1441\/revisions"}],"predecessor-version":[{"id":1704,"href":"https:\/\/www.kinderbetreuung-natters.at\/kinderkrippe\/wp-json\/wp\/v2\/pages\/1441\/revisions\/1704"}],"up":[{"embeddable":true,"href":"https:\/\/www.kinderbetreuung-natters.at\/kinderkrippe\/wp-json\/wp\/v2\/pages\/11"}],"wp:attachment":[{"href":"https:\/\/www.kinderbetreuung-natters.at\/kinderkrippe\/wp-json\/wp\/v2\/media?parent=1441"}],"curies":[{"name":"wp","href":"https:\/\/api.w.org\/{rel}","templated":true}]}}